nder when 199270 is divided by 12?
10
What is the remainder when 37616 is divided by 15?
11
What is the remainder when 1034 is divided by 5?
4
What is the remainder when 1742732 is divided by 54?
44
Calculate the remainder when 4193 is divided by 15.
8
What is the remainder when 11364 is divided by 1615?
59
What is the remainder when 10630 is divided by 315?
235
Calculate the remainder when 123143 is divided by 8.
7
What is the remainder when 478 is divided by 122?
112
What is the remainder when 278886 is divided by 4980?
6
What is the remainder when 79592 is divided by 686?
16
What is the remainder when 519084 is divided by 22?
16
What is the remainder when 42758 is divided by 3?
2
Calculate the remainder when 182222 is divided by 1191.
1190
What is the remainder when 2974 is divided by 155?
29
What is the remainder when 11311 is divided by 81?
52
Calculate the remainder when 482083 is divided by 159.
154
Calculate the remainder when 5721 is divided by 1899.
24
What is the remainder when 7538 is divided by 941?
10
Calculate the remainder when 17907 is divided by 2975.
57
Calculate the remainder when 414433 is divided by 23.
19
What is the remainder when 7264 is divided by 14?
12
Calculate the remainder when 12027 is divided by 50.
27
What is the remainder when 127253 is divided by 24?
5
What is the remainder when 17924 is divided by 2531?
207
What is the remainder when 10942 is divided by 111?
64
Calculate the remainder when 19017 is divided by 2377.
1
What is the remainder when 7575 is divided by 1078?
29
Calculate the remainder when 3853 is divided by 64.
13
What is the remainder when 28275 is divided by 2822?
55
Calculate the remainder when 7047 is divided by 153.
9
Calculate the remainder when 20790 is divided by 6927.
9
Calculate the remainder when 893 is divided by 808.
85
Calculate the remainder when 1152 is divided by 398.
356
What is the remainder when 4233 is divided by 1441?
1351
Calculate the remainder when 5491 is divided by 174.
97
What is the remainder when 9205 is divided by 4364?
477
Calculate the remainder when 87225 is divided by 61.
56
What is the remainder when 23138 is divided by 4602?
128
Calculate the remainder when 8440 is divided by 58.
30
What is the remainder when 29783 is divided by 106?
103
What is the remainder when 1194092 is divided by 398019?
35
What is the remainder when 122850 is divided by 3150?
0
Calculate the remainder when 2458631 is divided by 24.
23
What is the remainder when 13656 is divided by 747?
210
Calculate the remainder when 25618 is divided by 366.
364
Calculate the remainder when 273129 is divided by 281.
278
What is the remainder when 193815 is divided by 170?
15
What is the remainder when 4306 is divided by 1612?
1082
What is the remainder when 42872 is divided by 343?
340
Calculate the remainder when 21083 is divided by 189.
104
Calculate the remainder when 55041 is divided by 139.
136
Calculate the remainder when 23565 is divided by 14.
3
What is the remainder when 5902 is divided by 241?
118
What is the remainder when 116858 is divided by 142?
134
What is the remainder when 105670 is divided by 21130?
20
Calculate the remainder when 38680 is divided by 489.
49
Calculate the remainder when 134630 is divided by 114.
110
What is the remainder when 3170 is divided by 23?
19
What is the remainder when 1968259 is divided by 17?
16
What is the remainder when 520600 is divided by 260284?
32
Calculate the remainder when 1324641 is divided by 26.
19
What is the remainder when 3872 is divided by 483?
8
Calculate the remainder when 3078 is divided by 836.
570
What is the remainder when 11882 is divided by 16?
10
Calculate the remainder when 126584 is divided by 656.
632
Calculate the remainder when 2093 is divided by 797.
499
Calculate the remainder when 16551 is divided by 56.
31
What is the remainder when 4713 is divided by 392?
9
What is the remainder when 39488 is divided by 3289?
20
Calculate the remainder when 7488445 is divided by 484.
481
Calculate the remainder when 32710 is divided by 467.
20
Calculate the remainder when 9418 is divided by 364.
318
Calculate the remainder when 26513 is divided by 916.
865
Calculate the remainder when 280396 is divided by 16.
12
What is the remainder when 10231 is divided by 2043?
16
What is the remainder when 21309498 is divided by 68?
66
Calculate the remainder when 17283 is divided by 62.
47
Calculate the remainder when 2165867 is divided by 612.
611
Calculate the remainder when 74020 is divided by 813.
37
What is the remainder when 103809 is divided by 1623?
1560
Calculate the remainder when 4479 is divided by 2216.
47
What is the remainder when 3326 is divided by 1655?
16
What is the remainder when 20524 is divided by 163?
149
What is the remainder when 9819 is divided by 27?
18
Calculate the remainder when 1399 is divided by 698.
3
Calculate the remainder when 1104 is divided by 1060.
44
What is the remainder when 2406037 is divided by 728?
725
What is the remainder when 229372 is divided by 541?
529
What is the remainder when 3817 is divided by 17?
9
Calculate the remainder when 16867 is divided by 9.
1
What is the remainder when 120763 is divided by 192?
187
Calculate the remainder when 5198 is divided by 51.
47
Calculate the remainder when 49496 is divided by 393.
371
Calculate the remainder when 65898 is divided by 16.
10
Calculate the remainder when 5951 is divided by 8.
7
What is the remainder when 5369 is divided by 143?
78
Calculate the remainder when 87462 is divided by 3.
0
What is the remainder when 8946 is divided by 289?
276
What is the remainder when 3390 is divided by 95?
65
Calculate the remainder when 6232 is divided by 3107.
18
Calculate the remainder when 1847503 is divided by 923746.
11
What is the remainder when 3498 is divided by 1019?
441
Calculate the remainder when 926 is divided by 160.
126
Calculate the remainder when 72577 is divided by 10.
7
What is the remainder when 15339 is divided by 3814?
83
What is the remainder when 50808 is divided by 1080?
48
Calculate the remainder when 1095851 is divided by 273961.
7
Calculate the remainder when 264469 is divided by 5877.
4
What is the remainder when 18662 is divided by 1541?
170
Calculate the remainder when 69019 is divided by 119.
118
What is the remainder when 3348 is divided by 25?
23
Calculate the remainder when 3074 is divided by 381.
26
Calculate the remainder when 33788 is divided by 512.
508
Calculate the remainder when 24184 is divided by 636.
16
What is the remainder when 427429 is divided by 20?
9
What is the remainder when 716 is divided by 72?
68
What is the remainder when 1893 is divided by 1860?
33
What is the remainder when 4148 is divided by 1338?
134
What is the remainder when 26086 is divided by 25925?
161
What is the remainder when 93773 is divided by 638?
625
What is the remainder when 4587 is divided by 44?
11
Calculate the remainder when 829563 is divided by 142.
141
Calculate the remainder when 6462 is divided by 6436.
26
Calculate the remainder when 15750 is divided by 190.
170
What is the remainder when 1585 is divided by 578?
429
What is the remainder when 34202 is divided by 86?
60
What is the remainder when 60223 is divided by 7526?
15
Calculate the remainder when 18722 is divided by 715.
132
Calculate the remainder when 334 is divided by 319.
15
What is the remainder when 1037 is divided by 1031?
6
Calculate the remainder when 693399 is divided by 14.
7
What is the remainder when 9388 is divided by 69?
4
Calculate the remainder when 304529 is divided by 32.
17
Calculate the remainder when 19974 is divided by 6652.
18
What is the remainder when 35625 is divided by 17810?
5
What is the remainder when 989 is divided by 1?
0
What is the remainder when 10762 is divided by 13?
11
What is the remainder when 1040 is divided by 287?
179
What is the remainder when 2115 is divided by 787?
541
Calculate the remainder when 3604679 is divided by 310.
309
What is the remainder when 52306 is divided by 107?
90
Calculate the remainder when 22838 is divided by 7604.
26
What is the remainder when 4064 is divided by 7?
4
What is the remainder when 6097 is divided by 2856?
385
What is the remainder when 328239 is divided by 72?
63
Calculate the remainder when 429